- 1. Let n(s) = l*j(s) + i(s). Suppose 0 = -3*t - 1 + 4. Calculate n(t).
-11
Let r(w) be the first derivative of 16 - 3*w - 3*w**2 - 2/3*w**3. Determine r(-4).
-11
Let z(v) = 4*v**3 - 37*v**2 + 19*v - 5. Suppose -15 + 13 = -a. Let k(w) = w**3 - 9*w**2 + 5*w - 1. Let h(o) = a*z(o) - 9*k(o). Give h(6).
-7
Let k(o) = o**3 - 3*o**2 + o - 5. Suppose 3*t + 15 = 0, -11*a + 15*a - 36 = 4*t. Determine k(a).
15
Let g(x) = -7*x + 6. Let t(q) = -32*q + 15. Let v(d) = 4*g(d) - t(d). Give v(-8).
-23
Let k(m) be the first derivative of -76 - 4*m**2 - 2*m + 2/3*m**3. Determine k(6).
22
Let i(p) = -4*p - 112. Let a be (20 - (-434)/(-21))*(-1 - -46*1). What is i(a)?
8
Let x(c) = -24*c - 113. Let b be x(-5). Let f(q) = 3*q**2 - 9*q - 6. What is f(b)?
78
Let q(h) = -9*h - 6. Let n = -383 + 378. Let r(i) = -11*i - 7. Let c(d) = n*q(d) + 4*r(d). Suppose 4*s = 2*w + 20, 2*s + 3*w = -2*s. Determine c(s).
5
Let k(v) be the first derivative of v**4/4 - 2*v**3 - 3*v**2 + 11. Let c = -198 + 205. Give k(c).
7
Let y(g) = g - 8. Let u be (2 + (-20)/8)*-6. Suppose -u*o = -4*v + 186 - 70, 4*o + 2*v + 118 = 0. Let q = -25 - o. Determine y(q).
-1
Let m(f) = 191*f**3 - 3*f - 3 - 391*f**3 + 199*f**3 + 13*f + 3*f**2 - 8*f. Calculate m(3).
3
Let l(g) be the second derivative of g**3/6 - 7*g**2/2 + g. Let r = 71776 - 71785. Calculate l(r).
-16
Let l(j) = -4*j**2 + 109*j + 341. Let u be l(30). Let c(k) = -3*k**3 + 41*k**2 - 88*k - 6. Calculate c(u).
-6
Let t(n) = 29*n + 4. Suppose 0 = -510*o + 500*o + 30 - 10. Give t(o).
62
Let o(j) = -1488*j + 737*j + 750*j. What is o(1)?
-1
Let p = 232 + -230. Let v(i) = i + 119*i**2 - 63*i**2 + 3*i**3 - 58*i**p. What is v(2)?
18
Let k(z) = -z**2 + 10*z + 7. Let b = -464 - -466. Suppose 38 = 2*a - 4*l + 36, b*a - 17 = l. What is k(a)?
-4
Let l(g) be the first derivative of -1/4*g**4 + 93 + 5/3*g**3 - 5/2*g**2 + 7*g. What is l(4)?
3
Let w = -50 + 63. Suppose -4*j - 3*o = -9, 2*j - 12*o = -w*o + 7. Let l(y) = -y**3 + 7*y**2 - 8*y + 3. Calculate l(j).
-9
Let t(v) = v**3 + 20*v**2 - 44*v - 9. Suppose -i - 27 = -22, 4*i = -y - 42. Give t(y).
-9
Let o(i) = 10*i + 73. Let r be 5 - (15 + -15 + 16). Calculate o(r).
-37
Let s(o) be the first derivative of -o**4/4 - 4*o**3/3 - o**2 - o - 1. Let x = -1566 - -2413. Let v = -851 + x. Calculate s(v).
7
Let v(w) be the first derivative of -w**3/3 + 3*w**2 + 2*w - 7610. Suppose -2*k = k - 15. Calculate v(k).
7
Let j(w) = -15*w**2 + 18*w - 29. Let u(d) = -7*d**2 + 9*d - 14. Suppose 107 = 6*l + 29. Let v(b) = l*u(b) - 6*j(b). Suppose -t = -2 - 4. Determine v(t).
10
Suppose -9*g - g - 10 = 0. Let u be (1 - -2) + g + 4. Let f be (u/(-4))/((-17)/(-34)). Let x(m) = m + 3. Give x(f).
0
Suppose 0*f = -4*j - 5*f + 35, -40 = -5*j - 5*f. Let m(i) = 7*i**2 - 21*i + 2. Let v(g) = -3*g**2 + 9*g. Let u(k) = 4*m(k) + 9*v(k). What is u(j)?
18
Let n(f) = -13*f + 1. Let j(s) = 28*s - 2. Let u(v) = -4*j(v) - 9*n(v). Let z be ((-20)/12 - -1)*-6. Suppose 4*y + 7 + 1 = -4*q, -q - z = -y. Give u(y).
4
Suppose -13*v = -15*v. Suppose -3*t - 2*y - 16 = v, -23 = -4*t + 3*t + 5*y. Let n(j) = -2*j**2 - 3 - 6*j + 4*j + j**2 - 3*j. Determine n(t).
3
Let u(w) be the third derivative of -w**6/240 - w**5/20 - 145*w**4/24 - 60*w**2 + 2. Let r(m) be the second derivative of u(m). Give r(5).
-21
Let w be (-16 + 5)*(-8)/44. Let y(j) = -5*j**2 + 5*j + 8. Let f(k) = -14*k**2 + 14*k + 23. Let z(t) = -6*f(t) + 17*y(t). What is z(w)?
-4
Let a(z) be the third derivative of 7*z**5/60 + 13*z**4/24 + 132*z**2. Give a(-2).
2
Let z(v) be the third derivative of 143*v**4/24 + 45*v**3/2 + 7636*v**2. Calculate z(-1).
-8
Let s(x) = x - 4. Let k(r) = r**3 - 6*r**2 - 107. Let q be k(7). Let i = 81 + -135. Let h = i - q. Determine s(h).
0
Let b(q) = 5*q**2 + q + 3. Let l be b(-3). Let n(v) = -16 - 4*v - 3*v + l. Let j be n(5). Let y(d) = d**2 + 8*d - 2. Calculate y(j).
-14
Let p(o) = 2*o - 6. Let s be 36/60 + (-44)/(-10). Suppose s*r - 11*r = 0. Suppose -2*z + 15 - 5 = r. Determine p(z).
4
Let z(k) = k**2 + 21*k + 2. Let b(r) = 2*r**2 + 43*r - 30. Let o(v) = 2*b(v) - 5*z(v). Give o(-14).
0
Let s(i) = -17*i**3 - 20*i**2 + 19*i + 29. Let d(g) = 4*g**3 + 5*g**2 - 5*g - 7. Let j(p) = -9*d(p) - 2*s(p). What is j(-2)?
-13
Let n(j) = -j**2 - 28*j + 36. Let b(z) = -229*z - 945. Let s be b(-4). What is n(s)?
7
Let o(s) = -s**2 - 8*s + 18. Let m = 7867 - 7877. Give o(m).
-2
Let f(q) = -2*q**2 - q + 3. Let y be 332/20 + -1 - (-9)/(-15). Suppose 9 - y = 2*k. What is f(k)?
-12
Let v(c) be the first derivative of c**4/4 + 5*c**3/3 - 4*c**2 - 12*c + 72. Let d be v(-6). Let r(p) = -2*p**3 - p**2 - 5. What is r(d)?
-5
Let j be (-3)/(0 - (0 - (-4)/12)). Let z(y) = 4*y**3 - 12*y**3 - 2*y**3 + j*y**3 + y**2. Let w(p) = -p**2 + 3*p - 2. Let f be w(2). Give z(f).
0
Let x(c) = c**2 - 8*c - 26. Suppose -362*z - 1133 = -465*z. What is x(z)?
7
Let h(j) be the second derivative of j**4/12 + j**3/6 - 3*j**2/2 + 19*j - 24. Determine h(-6).
27
Let y(o) = -23*o - 115. Let q(j) = -7*j - 37. Let w(m) = -7*q(m) + 2*y(m). What is w(-13)?
-10
Let w(g) = 310*g**2 - 7 + 0*g**3 - g**3 - 304*g**2. What is w(6)?
-7
Let m(l) = 4*l**2 + 5*l + 1. Let p be m(-4). Suppose -8*a = -6*a - 100. Let v = a - p. Let g(o) = o**3 - 5*o**2 - 6*o + 3. Give g(v).
-27
Let j = -7 + 21. Let d(k) = 2*k**3 + 11*k**2 - 56*k - 287. Let w be d(-6). Let l(o) = -10 + 23 - o**3 + w*o - j*o - 2. Determine l(0).
11
Let x(b) = 1 - 3*b - 2*b**2 + 6*b - 2. Suppose -f + p = -19 - 3, -3*p = 9. Let m = f - 17. Determine x(m).
-3
Let y(u) = -15*u**2 - 4*u + 4. Let k(w) = -w**2. Let v(o) = 6*k(o) - y(o). Give v(2).
40
Suppose -46 = -2*s - 30. Suppose 34 = s*y - 30. Let v(q) = -q + 7. Give v(y).
-1
Let b(i) = i**3 + 2*i**2 - i - 5. Suppose 22 + 284 = -51*u. What is b(u)?
-143
Let b(m) = m**3 - 5*m**2 + 6*m - 46. Let l(k) = -3*k**3 + 13*k**2 - 18*k + 150. Let o(q) = 8*b(q) + 3*l(q). Determine o(0).
82
Let h(r) = r + 3. Let f be h(-3). Let o(x) be the first derivative of 6*x - 1/2*x**2 + 1/3*x**3 - 36. What is o(f)?
6
Let a be (17 + 1328/(-80))*10. Let h(b) = -25*b - 26. What is h(a)?
-126
Let k be 4 + (-6 - (-3 + -5)). Let y(w) be the second derivative of w**4/12 - 3*w**2 + 13*w. Give y(k).
30
Let t(b) = 6*b**2 - 1. Suppose -4 = u - 6. Suppose 0 = 3*k + u*k. Suppose k*n = -11*n - 11. Determine t(n).
5
Let q(v) = 4*v**3 + v**2 - 3*v - 3. Let f(s) = 7*s**3 - 5*s - 7. Let w(r) = 3*f(r) - 5*q(r). Let j be w(5). Let n(y) = 3*y + 6. Determine n(j).
-12
Let x(w) = -8*w**2 + 5*w + 11. Let p(j) = 23*j**2 - 13*j - 30. Let s(u) = -6*p(u) - 17*x(u). Give s(-5).
-22
Let s be 2208/((15/4)/5). Let m(r) = -r - 2945*r**2 - 2 + s*r**2 + 4*r**3 - 2*r**3. Give m(2).
8
Let o(y) = -5*y + 3. Let g(u) = u + 1. Let j(k) = 6*g(k) + o(k). Let b(q) = -11*q - 213. Let x be b(-19). Calculate j(x).
5
Let d(s) = 0*s**3 - 10 + 7*s**2 + 2*s**3 + 3*s**3 - 6*s**3 + 10*s. Let w be (-4)/(-8) - (-15)/10. Suppose 0 = -8*x + w*x + 48. Give d(x).
6
Suppose -6 = 2*c + 6. Let o be c/8*-4 - (-8 + 8). Let y(x) = 3*x - 4. Calculate y(o).
5
Let k(i) be the first derivative of -i**3/3 + 13*i**2/2 - 28*i + 1612. Give k(12).
-16
Let r(u) = u**3 + 8*u**2 + 10*u - 1. Let y(b) = -462*b + 1381. Let p be y(3). Give r(p).
24
Let c(w) = 80*w + 7. Let d(g) = 259*g + 21. Let j(x) = -13*c(x) + 4*d(x). Calculate j(6).
-31
Let o be 8 + (-2 + (-4)/4)*-1. Suppose 2*y = -o*y - 78. Let i(r) = -r**2 - 6*r + 7. What is i(y)?
7
Let b be ((-525)/49 - 1)*-7. Let p = b + -78. Let x(f) = -2*f**2 + 6*f - 2. What is x(p)?
-10
Let a(m) = -18*m**2 - 9*m + 123. Let i(z) = 35*z**2 + 18*z - 291. Let r(u) = -7*a(u) - 3*i(u). Give r(-2).
78
Let j(o) be the second derivative of o**3/6 - 9*o**2/2 - 794*o - 3. Calculate j(7).
-2
Suppose 3*r + r + 32 = 0. Let g = r - -3. Let d(p) = -1 + 4 + 2*p - 6 - 3*p. What is d(g)?
2
Let x(r) = 3*r**2 + 4*r - 9. Let b be -3 + -2 + 1/(-5) + (-2)/(-10). Calculate x(b).
46
Let w(k) = 244*k**2 - 7*k + 14. Let b be w(2). Suppose 970*g = b*g - 42. Let p(n) = -n**3 + 6*n**2 + 6*n + 10. Determine p(g).
3
Let i be 4 - ((-31)/(-33) - 28/(-462)). Let d(n) = -2*n - 10. What is d(i)?
-16
Let f be (385/220)/(2/8). Let y(h) = -10*h - 10. What is y(f)?
-80
Suppose 0 = -0*m - m + 7. Let q = 3 - m. Let p(t) = 10 + t - 18 + 2 - 2*t + 5. Give p(q).
3
Let v(q) = -82*q**2 + 3*q - 2. Let z = 11359 + -11358. Calculat